{"id":2,"date":"2024-10-12T12:10:37","date_gmt":"2024-10-12T10:10:37","guid":{"rendered":"http:\/\/debosse.cluster029.hosting.ovh.net\/?page_id=2"},"modified":"2024-10-25T10:55:35","modified_gmt":"2024-10-25T08:55:35","slug":"page-d-exemple","status":"publish","type":"page","link":"https:\/\/debosselage-sans-peinture-utopia.com\/","title":{"rendered":"D\u00e9bosselage sans peinture"},"content":{"rendered":"\n<figure class=\"wp-block-image size-large wp-duotone-default-filter\"><img loading=\"lazy\" decoding=\"async\" width=\"1024\" height=\"724\" src=\"https:\/\/debosselage-sans-peinture-utopia.com\/wp-content\/uploads\/2024\/10\/utopia-blanc-1-1024x724.png\" alt=\"\" class=\"wp-image-15\" srcset=\"https:\/\/debosselage-sans-peinture-utopia.com\/wp-content\/uploads\/2024\/10\/utopia-blanc-1-1024x724.png 1024w, https:\/\/debosselage-sans-peinture-utopia.com\/wp-content\/uploads\/2024\/10\/utopia-blanc-1-300x212.png 300w, https:\/\/debosselage-sans-peinture-utopia.com\/wp-content\/uploads\/2024\/10\/utopia-blanc-1-768x543.png 768w, https:\/\/debosselage-sans-peinture-utopia.com\/wp-content\/uploads\/2024\/10\/utopia-blanc-1-1536x1086.png 1536w, https:\/\/debosselage-sans-peinture-utopia.com\/wp-content\/uploads\/2024\/10\/utopia-blanc-1-2048x1448.png 2048w\" sizes=\"auto, (max-width: 1024px) 100vw, 1024px\" \/><\/figure>\n\n\n\n<p><em>Nous sommes l\u00e0 pour vous aider.<\/em><\/p>\n\n\n\n<h2 class=\"wp-block-heading\"><strong><em>R\u00e9paration DSP<\/em><\/strong><\/h2>\n\n\n\n<h2 class=\"wp-block-heading\"><strong><em>Pr\u00e9paration au\u00a0<\/em><\/strong><strong><em>retour <\/em><\/strong><strong><em>leasing\u00a0ou\u00a0\u00e0 la\u00a0<\/em><\/strong><strong><em>vente<\/em><\/strong><\/h2>\n\n\n\n<h2 class=\"wp-block-heading\"><strong><em>de\u00a0<\/em><\/strong><strong><em>votre\u00a0v\u00e9hicule<\/em><\/strong><\/h2>\n\n\n\n<p>D\u00e9bosselage, polissage,camouflage de griffes.<\/p>\n\n\n\n<p><strong>A Bierges :<\/strong><\/p>\n\n\n\n<p>Rue de Genval, 30 1301 Bierges<\/p>\n\n\n\n<p><a href=\"tel:\/\/+32477478714\">+32477478714<\/a><\/p>\n\n\n\n<p><\/p>\n","protected":false},"excerpt":{"rendered":"<p>Nous sommes l\u00e0 pour vous aider. R\u00e9paration DSP Pr\u00e9paration au\u00a0retour leasing\u00a0ou\u00a0\u00e0 la\u00a0vente de\u00a0votre\u00a0v\u00e9hicule D\u00e9bosselage, polissage,camouflage de griffes. A Bierges : Rue de Genval, 30 1301 Bierges +32477478714<\/p>\n","protected":false},"author":1,"featured_media":15,"parent":0,"menu_order":0,"comment_status":"closed","ping_status":"open","template":"","meta":{"footnotes":""},"class_list":["post-2","page","type-page","status-publish","has-post-thumbnail","hentry"],"_links":{"self":[{"href":"https:\/\/debosselage-sans-peinture-utopia.com\/index.php\/wp-json\/wp\/v2\/pages\/2","targetHints":{"allow":["GET"]}}],"collection":[{"href":"https:\/\/debosselage-sans-peinture-utopia.com\/index.php\/wp-json\/wp\/v2\/pages"}],"about":[{"href":"https:\/\/debosselage-sans-peinture-utopia.com\/index.php\/wp-json\/wp\/v2\/types\/page"}],"author":[{"embeddable":true,"href":"https:\/\/debosselage-sans-peinture-utopia.com\/index.php\/wp-json\/wp\/v2\/users\/1"}],"replies":[{"embeddable":true,"href":"https:\/\/debosselage-sans-peinture-utopia.com\/index.php\/wp-json\/wp\/v2\/comments?post=2"}],"version-history":[{"count":3,"href":"https:\/\/debosselage-sans-peinture-utopia.com\/index.php\/wp-json\/wp\/v2\/pages\/2\/revisions"}],"predecessor-version":[{"id":20,"href":"https:\/\/debosselage-sans-peinture-utopia.com\/index.php\/wp-json\/wp\/v2\/pages\/2\/revisions\/20"}],"wp:featuredmedia":[{"embeddable":true,"href":"https:\/\/debosselage-sans-peinture-utopia.com\/index.php\/wp-json\/wp\/v2\/media\/15"}],"wp:attachment":[{"href":"https:\/\/debosselage-sans-peinture-utopia.com\/index.php\/wp-json\/wp\/v2\/media?parent=2"}],"curies":[{"name":"wp","href":"https:\/\/api.w.org\/{rel}","templated":true}]}}